)?
2, 3
Let f = -258 - -455. List the prime factors of f.
197
What are the prime factors of 3/(-5) + (-112)/(-20)?
5
Let o(u) = 10*u + 5. Let t = 2 - -3. Let j be o(t). Suppose -4*b = b - j. List the prime factors of b.
11
Let r = -27 - -38. List the prime factors of r.
11
Suppose s + 3*d = -3*s + 328, 3*s - 5*d = 217. What are the prime factors of s?
79
Suppose h - 10 = q, 5*h + 4 = -3*q - q. Let r(y) = -y**2 - 10*y + 3. What are the prime factors of r(q)?
3
Let p(c) = 3*c**2 - 2*c - 1. Let r be p(-1). Suppose 0 = -2*h - 5*a - 4, 0 = r*a + a + 10. What are the prime factors of h?
3
Let h be 1 + 0 + (2 - -8). Let g = h - 8. Suppose 2*o + 8 = g*o. List the prime factors of o.
2
Suppose -4*t + 0*c = 2*c - 222, 0 = 3*t + 5*c - 156. What are the prime factors of t?
3, 19
Let h(o) = 15*o**2 - 3*o. List the prime factors of h(2).
2, 3
Suppose 2*t + 18 = 4. Let w(n) = n**3 + 8*n**2 + 6*n + 6. Let v be w(t). Suppose 0*f - f + 4 = h, 0 = 4*f + h - v. What are the prime factors of f?
3
Let d(b) = 30*b + 1. Let m be d(1). Let q = 54 - m. What are the prime factors of q?
23
Suppose -3*m + 22 = v, -v - 23 + 9 = -3*m. Let f be 20/m - (-3)/(-9). Suppose 3 = 3*z - 5*o - 6, z + f*o - 17 = 0. List the prime factors of z.
2
Suppose -k = 3*t - 62, 2*t = 3*k - 2*k - 42. Suppose -4*s - 5*p = -35, 3*s - k = 4*p - 3*p. List the prime factors of s.
3, 5
Suppose -4*n = -2*m - 474, -n - 3*m + 120 = -4*m. List the prime factors of n.
3, 13
List the prime factors of 41/(1/(-4 + 5)).
41
Let x = 8 + -5. Suppose -4*o - 2 = -h, x*h + 3*o + 19 = 5*h. Suppose -m + h = 5*c - 7, 4*m = -4*c + 20. What are the prime factors of c?
2
Let z(x) = 4*x**3 - 4*x**2 + 4*x - 4. What are the prime factors of z(3)?
2, 5
What are the prime factors of (-2124)/(-66) - 2/11?
2
Suppose q + v - 12 = 0, -4*q - 2*v + 68 - 20 = 0. What are the prime factors of q?
2, 3
Suppose -3*q - 15 = -2*q. Let u = q + 27. List the prime factors of u.
2, 3
Suppose 0 = x + 2 - 0. Let y be (-2)/(1/x*-2). List the prime factors of y/(-8) - (-156)/16.
2, 5
Let i(p) = -p + 14. Let z be i(12). Suppose -30 = -z*n - n. List the prime factors of n.
2, 5
Let l(m) = 3*m - 22. List the prime factors of l(9).
5
Let p = 30 + -2. Suppose -t - z = -p, -3*z + 2*z - 2 = 0. Suppose t = -r + 4*r. What are the prime factors of r?
2, 5
Let r = 117 - 81. What are the prime factors of r?
2, 3
Let q(n) = 3*n**2 - 12*n + 26. List the prime factors of q(6).
2, 31
Let h be (2/(-4))/((-2)/4). Let j be h + (22 - 0) + 1. Suppose -3*y - j = -3*k, 5*k - 5*y + 2*y - 38 = 0. What are the prime factors of k?
7
Let g(f) = f**3 - 4*f**2 - 6*f + 7. Let n be 5/(-2)*(-4)/2. Let r be g(n). Suppose 3*t - 17 = -r. List the prime factors of t.
5
Let y(k) = 152*k + 1. Let a be y(-3). What are the prime factors of a/14*8/(-10)?
2, 13
Let u = 27 + 15. List the prime factors of u.
2, 3, 7
Let u = -17 - -14. List the prime factors of (-68)/u + 2/6.
23
Let l(f) = -f**2 - 6*f - 5. Let z be l(-4). Suppose -c - 16 = -z*c. Let t = c + -4. List the prime factors of t.
2
Suppose -n - 2*n = -48. Suppose -4*j - 14 = z, -z + 0*j + 2*j + n = 0. Suppose 5*a = 2*t - 40 + z, -2*a = 8. What are the prime factors of t?
7
Suppose 3*p - 186 = 171. What are the prime factors of p?
7, 17
Let w(t) = 39*t**2 - 2*t + 2. List the prime factors of w(1).
3, 13
Let v be -2 + -1 + 0 + -6. Let u be v/(2/4*-2). Let c = u - -3. List the prime factors of c.
2, 3
Let u(p) = -p**3 + 5*p**2 + 2. Let l = 13 - 8. List the prime factors of u(l).
2
Suppose 4*f + i - 62 = 0, 0*f - 3*i = 2*f - 36. List the prime factors of f.
3, 5
Suppose -z = -3*g - 2, -5*g - 7 - 19 = 4*z. List the prime factors of ((-14)/(-21))/(z/(-114)).
19
Let w be (0 - 4)*(1 - 2). Let r = w + 4. Suppose -r*d + 56 = -4*d. What are the prime factors of d?
2, 7
Let i = 245 + -126. List the prime factors of i.
7, 17
Let d = 19 + -17. Suppose -5*l - 1 = -2*c - 55, -4*l + d*c + 44 = 0. List the prime factors of l.
2, 5
Let z(v) = -24*v - 26. List the prime factors of z(-14).
2, 5, 31
Suppose -k - 22 = -3*k. Suppose -u - 65 = -5*u - n, k = u + 2*n. List the prime factors of u.
17
Suppose 4*d = -2*c + 124, 3*d - 72 = 3*c + 30. List the prime factors of d.
2
Let m = 104 - 59. What are the prime factors of m?
3, 5
Let w be 3 + (3 + -6)*1. Suppose g + g - 42 = w. What are the prime factors of g?
3, 7
Let s = 146 + -104. Let r(t) = 22*t**3 - t - 1. Let m be r(-1). Let d = m + s. What are the prime factors of d?
2, 5
Let w = 28 - -6. List the prime factors of w.
2, 17
Let o be 1 + (-3 - -2 - 0). Suppose 0*n + 10 = 2*n - p, o = -3*p. What are the prime factors of n?
5
Let j be (54/(3 - 0))/1. Suppose o - 4*o - j = 0. List the prime factors of o*(-5 - (3 + -5)).
2, 3
Let v(c) = 6*c. Let a be v(4). What are the prime factors of a/(-6)*11/(-2)?
2, 11
Suppose 0 = -3*s + 7*d - 3*d + 9, -2*s + 5*d - 1 = 0. Suppose -s = -3*l + 17. What are the prime factors of l?
2
Let t(o) be the second derivative of o**4/6 - 2*o**3/3 - o**2/2 - 2*o. Let h be t(3). List the prime factors of (6/h)/(6/15).
3
Let x = 118 + -42. Let f = -24 + x. What are the prime factors of f?
2, 13
Let a = -23 + 13. Let d(x) = -x**2 - 11*x + 6. What are the prime factors of d(a)?
2
Suppose 4*r + 276 = 4*o, 2*o - r + 23 = 159. What are the prime factors of o?
67
Suppose 2*f - 5*f + h - 13 = 0, 29 = -3*f + 5*h. List the prime factors of 46/8 + f/4.
5
Let h(g) = -4*g - 4 - 4 + 4. List the prime factors of h(-4).
2, 3
Let s(q) = -3*q**3 - 3*q**2 + 2*q - 4. Let z be s(-3). Suppose l + 0*o = -2*o + 8, -4*l + z = 2*o. What are the prime factors of l?
2, 3
Let s = 37 - -2. What are the prime factors of s?
3, 13
Let a(b) = -5 + 4*b**2 - 4 + 8*b + 0 - 5*b**2. List the prime factors of a(6).
3
Suppose -4*u + g = 3*g - 86, u = -2*g + 14. Suppose 3*n + 3*t = -t + 13, -5*t - u = -2*n. List the prime factors of n.
7
Let w be (-2 + 6)*(1 + 6). Suppose -3*d + m + 56 = 0, w = 2*d + 3*m + m. Suppose i + 2*i = d. What are the prime factors of i?
2, 3
Let y(j) = 5*j - 24. List the prime factors of y(16).
2, 7
Suppose -p + 5*p - 90 = -f, 2*f - 5*p = 193. List the prime factors of f.
2, 47
Let j be (-400)/(-18) + 4/(-18). Let z be 3*(14/(-3) + 1). Let r = j + z. List the prime factors of r.
11
Suppose -6*i = -7*i. Suppose -b = -i*b - 11. What are the prime factors of b?
11
What are the prime factors of 1/(-6) + (-122)/(-12)?
2, 5
Let n(l) = -2*l + 8. Let b be n(-6). What are the prime factors of 2/(-5) - (-248)/b?
2, 3
Let q(x) = -x**2 - 5*x + 6. Let d be q(-6). What are the prime factors of 11 - (6 + -3 + d)?
2
Suppose -25 = d - 5*z, -3*d = 3*z - 0*z - 15. Suppose d = -s + 8 - 3. List the prime factors of s.
5
Suppose 6*y = 2*y + 4. Suppose -h = 3 - y. Let p(u) = -2*u**3 - 2*u**2 + 2. List the prime factors of p(h).
2, 5
Let t(s) = -5 - 2*s - 8*s - 2*s**2 + 3*s. Let d be t(-4). What are the prime factors of 14/(-3*3/d)?
2, 7
Let i be 10/1*-1*1. List the prime factors of 3/(-2) - 125/i.
11
Let t(q) = -4*q + 64. Let v be t(19). Let u = -19 - -38. Let n = u + v. List the prime factors of n.
7
Suppose z - 2*d + 6*d = 319, 2*d - 327 = -z. What are the prime factors of z?
5, 67
Suppose -3697 = -11*d + 175. List the prime factors of d.
2, 11
Let y(b) = -b**2 + 14*b + 48. List the prime factors of y(14).
2, 3
Let w = 65 - 16. Let m = -35 + w. What are the prime factors of m?
2, 7
Let m(a) = a**3 + 15*a**2 + 9*a - 23. Let y be m(-16). Suppose -x - 2*w - 16 = 0, 2*w + 2*w + 10 = -x. List the prime factors of (-4)/x - y/33.
13
Suppose 6*j = 34 + 422. List the prime factors of j.
2, 19
What are the prime factors of -2 + (4/6)/(16/336)?
2, 3
Let w = -75 - -134. What are the prime factors of w?
59
Suppose 5*l - 51 = 2*l. Let q = l + -7. What are the prime factors of q?
2, 5
Suppose 4*b - 18 = 2*f, 4*b - f + 6*f - 39 = 0. List the prime factors of (-2 - -15)/(b + -5).
13
Suppose 0 = 2*r + 9*r - 1012. List the prime factors of r.
2, 23
Suppose 5*w + 59 + 18 = 2*m, 0 = 2*m - 2. Let b = 11 + w. Let t = b + 8. What are the prime factors of t?
2
Let r(f) = -f**3 + 8*f**2 - 9*f + 1. Let q be r(6). Let d = -2 + 2. Suppose 4*l - 29 - q = d. List the prime factors of l.
2, 3
Let n = 27 + 7. Suppose -10 = -2*u + n. List the prime factors of u.
2, 11
What are the prime factors of 0/(-1) + (-60)/(-2)?
2, 3, 5
Let s be -1 + (-14)/